{"id":406,"date":"2018-04-19T08:23:04","date_gmt":"2018-04-19T08:23:04","guid":{"rendered":"http:\/\/ornat-etxea.com\/?page_id=406"},"modified":"2020-04-02T17:40:52","modified_gmt":"2020-04-02T17:40:52","slug":"turismo-de-estrellas","status":"publish","type":"page","link":"https:\/\/ornat-etxea.com\/index.php\/turismo-de-estrellas\/","title":{"rendered":"Turismo de estrellas"},"content":{"rendered":"<p><img decoding=\"async\" loading=\"lazy\" class=\"wp-image-672 alignright\" src=\"http:\/\/ornat-etxea.com\/wp-content\/uploads\/2018\/04\/izarrak-632x355.jpg\" alt=\"\" width=\"425\" height=\"239\" srcset=\"https:\/\/ornat-etxea.com\/wp-content\/uploads\/2018\/04\/izarrak-632x355.jpg 632w, https:\/\/ornat-etxea.com\/wp-content\/uploads\/2018\/04\/izarrak-768x432.jpg 768w, https:\/\/ornat-etxea.com\/wp-content\/uploads\/2018\/04\/izarrak.jpg 854w\" sizes=\"(max-width: 425px) 100vw, 425px\" \/>El valle de Roncal en general y Vid\u00e1ngoz en particular son lugares privilegiados para la observaci\u00f3n de estrellas debido a que su cielo nocturno apenas est\u00e1 afectado por contaminaci\u00f3n lum\u00ednica.<\/p>\n<p>Es por ello que recientemente, en la feria FITUR celebrada en enero de 2018, el alcalde de Vid\u00e1ngoz como representante del valle recibi\u00f3 para el proyecto denominado &#8220;Pirineos la nuit&#8221; la certificaci\u00f3n &#8220;Destino Tur\u00edstico Starlight&#8221;, que acredita a nuestro valle como uno de los mejores lugares para la observaci\u00f3n de estrellas.<\/p>\n<p>Adem\u00e1s, en 2018 el Planetario de Pamplona form\u00f3 varios monitores de astroturismo para nuestro valle, y seg\u00fan en qu\u00e9 \u00e9poca visites nuestro valle es posible que tengas ocasi\u00f3n de participar en alguna de las observaciones de estrellas que se organizan.<\/p>\n","protected":false},"excerpt":{"rendered":"<p>El valle de Roncal en general y Vid\u00e1ngoz en particular son lugares privilegiados para la observaci\u00f3n de estrellas debido a que su cielo nocturno apenas est\u00e1 afectado por contaminaci\u00f3n lum\u00ednica. Es por ello que recientemente, en la feria FITUR celebrada en enero de 2018, el alcalde de Vid\u00e1ngoz como representante del valle recibi\u00f3 para el <a href=\"https:\/\/ornat-etxea.com\/index.php\/turismo-de-estrellas\/\" rel=\"nofollow\"><span class=\"sr-only\">Read more about Turismo de estrellas<\/span>[&hellip;]<\/a><\/p>\n","protected":false},"author":1,"featured_media":0,"parent":0,"menu_order":0,"comment_status":"closed","ping_status":"closed","template":"","meta":{"ngg_post_thumbnail":0},"_links":{"self":[{"href":"https:\/\/ornat-etxea.com\/index.php\/wp-json\/wp\/v2\/pages\/406"}],"collection":[{"href":"https:\/\/ornat-etxea.com\/index.php\/wp-json\/wp\/v2\/pages"}],"about":[{"href":"https:\/\/ornat-etxea.com\/index.php\/wp-json\/wp\/v2\/types\/page"}],"author":[{"embeddable":true,"href":"https:\/\/ornat-etxea.com\/index.php\/wp-json\/wp\/v2\/users\/1"}],"replies":[{"embeddable":true,"href":"https:\/\/ornat-etxea.com\/index.php\/wp-json\/wp\/v2\/comments?post=406"}],"version-history":[{"count":4,"href":"https:\/\/ornat-etxea.com\/index.php\/wp-json\/wp\/v2\/pages\/406\/revisions"}],"predecessor-version":[{"id":832,"href":"https:\/\/ornat-etxea.com\/index.php\/wp-json\/wp\/v2\/pages\/406\/revisions\/832"}],"wp:attachment":[{"href":"https:\/\/ornat-etxea.com\/index.php\/wp-json\/wp\/v2\/media?parent=406"}],"curies":[{"name":"wp","href":"https:\/\/api.w.org\/{rel}","templated":true}]}}

<p><img decoding="async" loading="lazy" class="wp-image-672 alignright" src="http://ornat-etxea.com/wp-content/uploads/2018/04/izarrak-632x355.jpg" alt="" width="425" height="239" srcset="https://ornat-etxea.com/wp-content/uploads/2018/04/izarrak-632x355.jpg 632w, https://ornat-etxea.com/wp-content/uploads/2018/04/izarrak-768x432.jpg 768w, https://ornat-etxea.com/wp-content/uploads/2018/04/izarrak.jpg 854w" sizes="(max-width: 425px) 100vw, 425px" />El valle de Roncal en general y Vidángoz en particular son lugares privilegiados para la observación de estrellas debido a que su cielo nocturno apenas está afectado por contaminación lumínica.</p>
<p>Es por ello que recientemente, en la feria FITUR celebrada en enero de 2018, el alcalde de Vidángoz como representante del valle recibió para el proyecto denominado &#8220;Pirineos la nuit&#8221; la certificación &#8220;Destino Turístico Starlight&#8221;, que acredita a nuestro valle como uno de los mejores lugares para la observación de estrellas.</p>
<p>Además, en 2018 el Planetario de Pamplona formó varios monitores de astroturismo para nuestro valle, y según en qué época visites nuestro valle es posible que tengas ocasión de participar en alguna de las observaciones de estrellas que se organizan.</p>

<p>El valle de Roncal en general y Vidángoz en particular son lugares privilegiados para la observación de estrellas debido a que su cielo nocturno apenas está afectado por contaminación lumínica. Es por ello que recientemente, en la feria FITUR celebrada en enero de 2018, el alcalde de Vidángoz como representante del valle recibió para el <a href="https://ornat-etxea.com/index.php/turismo-de-estrellas/" rel="nofollow"><span class="sr-only">Read more about Turismo de estrellas</span>[&hellip;]</a></p>
