{"id":381,"date":"2018-04-18T11:49:20","date_gmt":"2018-04-18T11:49:20","guid":{"rendered":"http:\/\/ornat-etxea.com\/?page_id=381"},"modified":"2020-04-02T14:56:17","modified_gmt":"2020-04-02T14:56:17","slug":"monumentos","status":"publish","type":"page","link":"https:\/\/ornat-etxea.com\/index.php\/monumentos\/","title":{"rendered":"Monumentos"},"content":{"rendered":"<p><strong>Sang\u00fcesa \/ Castillo de Javier \/ Monasterio de Leyre \/ Sos del Rey Cat\u00f3lico<\/strong><\/p>\n<p><img decoding=\"async\" loading=\"lazy\" class=\"size-full wp-image-446 alignright\" src=\"http:\/\/ornat-etxea.com\/wp-content\/uploads\/2018\/04\/castillo-de-javier.jpg\" alt=\"\" width=\"375\" height=\"242\" \/>Sang\u00fcesa, como capital de la comarca, lleg\u00f3 a ser en su d\u00eda usado como residencia por los reyes de Navarra. Cercana a la muga con Arag\u00f3n, fue una plaza fuerte desde la que el Reino de Navarra defend\u00eda su territorio. Se dice que la madre de Fernando el Cat\u00f3lico poco antes de dar a luz a aquel, sali\u00f3 de Sang\u00fcesa para dirigirse a la vecina villa de Sos, en Arag\u00f3n, para que, de esta forma, su hijo pudiera tener derechos al trono de Arag\u00f3n. En Sang\u00fcesa, es visita obligada la iglesia de Santa Mar\u00eda, cuya portada es muy reconocida entre los entendidos en arte.<\/p>\n<p>A escasos unos 10 kil\u00f3metros, el castillo de Javier (en la primera imagen), basti\u00f3n del Reino de Navarra y cuna de San Francisco de Javier, patr\u00f3n de Navarra, de las misiones y del Euskera, y a cuya bas\u00edlica se realizan cada a\u00f1o las peregrinaciones conocidas como \u201cJavieradas\u201d.<\/p>\n<p><img decoding=\"async\" loading=\"lazy\" class=\"size-full wp-image-447 alignleft\" src=\"http:\/\/ornat-etxea.com\/wp-content\/uploads\/2018\/04\/leire.jpg\" alt=\"\" width=\"375\" height=\"217\" \/>A 10 kil\u00f3metros de Javier, y enclavado en la sierra del Leyre, se encuentra el Monasterio de San Salvador de Leyre (en la segunda imagen), durante siglos sede del poder de la comarca, y en el que se encuentran sepultados los primeros reyes de Navarra (por entonces todav\u00eda se le denominaba Reino de Pamplona), desde \u00cd\u00f1igo Arista hasta Sancho Garc\u00e9s II.<\/p>\n<p>Entre Sang\u00fcesa y la muga con Arag\u00f3n, un antiguo basti\u00f3n defensivo, la torre de Pe\u00f1a, impresionante enclave hoy deshabitado.<\/p>\n<p>Y cerca de Sang\u00fcesa puede tambi\u00e9n visitarse la pintoresca villa de Sos del Rey Cat\u00f3lico, con sus calles estrechas y su cuidada est\u00e9tica medieval.<\/p>\n<p>Para m\u00e1s informaci\u00f3n:<\/p>\n<p><a href=\"http:\/\/www.sanguesa.es\/\" target=\"_blank\" rel=\"noopener noreferrer\">www.sanguesa.es<\/a> \/\/ <a href=\"https:\/\/www.santuariojaviersj.org\/\" target=\"_blank\" rel=\"noopener noreferrer\">www.santuariojaviersj.org<\/a> \u00a0\/\/ <a href=\"http:\/\/www.monasteriodeleyre.com\/\" target=\"_blank\" rel=\"noopener noreferrer\">www.monasteriodeleyre.com<\/a> \/\/ <a href=\"http:\/\/www.sosdelreycatolico.com\/\" target=\"_blank\" rel=\"noopener noreferrer\">www.sosdelreycatolico.com<\/a><\/p>\n<style id=\"bwg-style-0\">    #bwg_container1_0 #bwg_container2_0 .bwg-container-0.bwg-standard-thumbnails {      width: 1252px;              justify-content: center;        margin:0 auto !important;              background-color: rgba(255, 255, 255, 0.00);            padding-left: 2px;      padding-top: 2px;      max-width: 100%;            }        #bwg_container1_0 #bwg_container2_0 .bwg-container-0.bwg-standard-thumbnails .bwg-item {      justify-content: flex-start;      max-width: 250px;          }    #bwg_container1_0 #bwg_container2_0 .bwg-container-0.bwg-standard-thumbnails .bwg-item > a {       margin-right: 2px;       margin-bottom: 2px;    }    #bwg_container1_0 #bwg_container2_0 .bwg-container-0.bwg-standard-thumbnails .bwg-item0 {      padding: 0px;            background-color:rgba(255,255,255, 0.30);      border: 0px none #CCCCCC;      opacity: 1.00;      border-radius: 0;      box-shadow: ;    }    #bwg_container1_0 #bwg_container2_0 .bwg-container-0.bwg-standard-thumbnails .bwg-item1 img {      max-height: none;      max-width: none;      padding: 0 !important;    }        @media only screen and (min-width: 480px) {      #bwg_container1_0 #bwg_container2_0 .bwg-container-0.bwg-standard-thumbnails .bwg-item0 {        transition: all 0.3s ease 0s;-webkit-transition: all 0.3s ease 0s;      }      #bwg_container1_0 #bwg_container2_0 .bwg-container-0.bwg-standard-thumbnails .bwg-item0:hover {        -ms-transform: scale(1.08);        -webkit-transform: scale(1.08);        transform: scale(1.08);      }    }          #bwg_container1_0 #bwg_container2_0 .bwg-container-0.bwg-standard-thumbnails .bwg-item1 {      padding-top: 56%;    }        #bwg_container1_0 #bwg_container2_0 .bwg-container-0.bwg-standard-thumbnails .bwg-title1 {      position: absolute;      top: 0;      z-index: 100;      width: 100%;      height: 100%;      display: flex;      justify-content: center;      align-content: center;      flex-direction: column;      opacity: 0;    }\t      #bwg_container1_0 #bwg_container2_0 .bwg-container-0.bwg-standard-thumbnails .bwg-title2,    #bwg_container1_0 #bwg_container2_0 .bwg-container-0.bwg-standard-thumbnails .bwg-ecommerce2 {      color: #FFFFFF;      font-family: Ubuntu;      font-size: 16px;      font-weight: bold;      padding: 2px;      text-shadow: 0px 0px 0px #888888;      max-height: 100%;    }    #bwg_container1_0 #bwg_container2_0 .bwg-container-0.bwg-standard-thumbnails .bwg-thumb-description span {    color: #323A45;    font-family: Ubuntu;    font-size: 12px;    max-height: 100%;    word-wrap: break-word;    }    #bwg_container1_0 #bwg_container2_0 .bwg-container-0.bwg-standard-thumbnails .bwg-play-icon2 {      font-size: 32px;    }    #bwg_container1_0 #bwg_container2_0 .bwg-container-0.bwg-standard-thumbnails .bwg-ecommerce2 {      font-size: 19.2px;      color: #CCCCCC;    }    <\/style>    <div id=\"bwg_container1_0\"         class=\"bwg_container bwg_thumbnail bwg_thumbnails\"         data-right-click-protection=\"0\"         data-bwg=\"0\"         data-gallery-type=\"thumbnails\"         data-current-url=\"https:\/\/ornat-etxea.com\/index.php\/wp-json\/wp\/v2\/pages\/381\"         data-lightbox-url=\"https:\/\/ornat-etxea.com\/wp-admin\/admin-ajax.php?action=GalleryBox&#038;current_view=0&#038;gallery_id=12&#038;tag=0&#038;theme_id=1&#038;shortcode_id=28&#038;sort_by=order&#038;order_by=asc&#038;current_url=https%3A%2F%2Fornat-etxea.com%2Findex.php%2Fwp-json%2Fwp%2Fv2%2Fpages%2F381\"         data-gallery-id=\"12\"         data-popup-width=\"800\"         data-popup-height=\"500\"         data-is-album=\"gallery\"         data-buttons-position=\"bottom\">      <div id=\"bwg_container2_0\">             <div id=\"ajax_loading_0\" class=\"bwg_loading_div_1\">      <div class=\"bwg_loading_div_2\">        <div class=\"bwg_loading_div_3\">          <div id=\"loading_div_0\" class=\"bwg_spider_ajax_loading\">          <\/div>        <\/div>      <\/div>    <\/div>            <form id=\"gal_front_form_0\"              class=\"bwg-hidden\"              method=\"post\"              action=\"#\"              data-current=\"0\"              data-shortcode-id=\"28\"              data-gallery-type=\"thumbnails\"              data-gallery-id=\"12\"              data-tag=\"0\"              data-album-id=\"0\"              data-theme-id=\"1\"              data-ajax-url=\"https:\/\/ornat-etxea.com\/wp-admin\/admin-ajax.php?action=bwg_frontend_data\">          <div id=\"bwg_container3_0\" class=\"bwg-background bwg-background-0\">                <div data-max-count=\"5\"         data-thumbnail-width=\"250\"         data-bwg=\"0\"         data-gallery-id=\"12\"         data-lightbox-url=\"https:\/\/ornat-etxea.com\/wp-admin\/admin-ajax.php?action=GalleryBox&amp;current_view=0&amp;gallery_id=12&amp;tag=0&amp;theme_id=1&amp;shortcode_id=28&amp;sort_by=order&amp;order_by=asc&amp;current_url=https%3A%2F%2Fornat-etxea.com%2Findex.php%2Fwp-json%2Fwp%2Fv2%2Fpages%2F381\"         id=\"bwg_thumbnails_0\"         class=\"bwg-container-0 bwg-thumbnails bwg-standard-thumbnails bwg-container bwg-border-box\">            <div class=\"bwg-item\">        <a class=\"bwg-a bwg_lightbox\"  data-image-id=\"50\" href=\"https:\/\/ornat-etxea.com\/wp-content\/uploads\/photo-gallery\/imported_from_media_libray\/zangozaldea-1.jpg?bwg=1584123684\" data-elementor-open-lightbox=\"no\" >                <div class=\"bwg-item0 \">          <div class=\"bwg-item1 \">            <div class=\"bwg-item2\">              <img class=\"skip-lazy bwg_standart_thumb_img_0 \"                   data-id=\"50\"                   data-width=\"500\"                   data-height=\"246\"                   data-src=\"https:\/\/ornat-etxea.com\/wp-content\/uploads\/photo-gallery\/imported_from_media_libray\/thumb\/zangozaldea-1.jpg?bwg=1584123684\"                   src=\"https:\/\/ornat-etxea.com\/wp-content\/uploads\/photo-gallery\/imported_from_media_libray\/thumb\/zangozaldea-1.jpg?bwg=1584123684\"                   alt=\"Santa Mar\u00eda de Sang\u00fcesa \/ Zangozako Santa Maria\" \/>            <\/div>            <div class=\"\">              <div class=\"bwg-title1\"><div class=\"bwg-title2\">Santa Mar\u00eda de Sang\u00fcesa \/ Zangozako Santa Maria<\/div><\/div>                                        <\/div>          <\/div>        <\/div>                        <\/a>              <\/div>            <div class=\"bwg-item\">        <a class=\"bwg-a bwg_lightbox\"  data-image-id=\"51\" href=\"https:\/\/ornat-etxea.com\/wp-content\/uploads\/photo-gallery\/imported_from_media_libray\/zangozaldea-2.jpg?bwg=1584123684\" data-elementor-open-lightbox=\"no\" >                <div class=\"bwg-item0 \">          <div class=\"bwg-item1 \">            <div class=\"bwg-item2\">              <img class=\"skip-lazy bwg_standart_thumb_img_0 \"                   data-id=\"51\"                   data-width=\"500\"                   data-height=\"335\"                   data-src=\"https:\/\/ornat-etxea.com\/wp-content\/uploads\/photo-gallery\/imported_from_media_libray\/thumb\/zangozaldea-2.jpg?bwg=1584123684\"                   src=\"https:\/\/ornat-etxea.com\/wp-content\/uploads\/photo-gallery\/imported_from_media_libray\/thumb\/zangozaldea-2.jpg?bwg=1584123684\"                   alt=\"Castillo de Javier \/ Xabierreko gaztelua\" \/>            <\/div>            <div class=\"\">              <div class=\"bwg-title1\"><div class=\"bwg-title2\">Castillo de Javier \/ Xabierreko gaztelua<\/div><\/div>                                        <\/div>          <\/div>        <\/div>                        <\/a>              <\/div>            <div class=\"bwg-item\">        <a class=\"bwg-a bwg_lightbox\"  data-image-id=\"52\" href=\"https:\/\/ornat-etxea.com\/wp-content\/uploads\/photo-gallery\/imported_from_media_libray\/zangozaldea-3.jpg?bwg=1584123684\" data-elementor-open-lightbox=\"no\" >                <div class=\"bwg-item0 \">          <div class=\"bwg-item1 \">            <div class=\"bwg-item2\">              <img class=\"skip-lazy bwg_standart_thumb_img_0 \"                   data-id=\"52\"                   data-width=\"500\"                   data-height=\"267\"                   data-src=\"https:\/\/ornat-etxea.com\/wp-content\/uploads\/photo-gallery\/imported_from_media_libray\/thumb\/zangozaldea-3.jpg?bwg=1584123684\"                   src=\"https:\/\/ornat-etxea.com\/wp-content\/uploads\/photo-gallery\/imported_from_media_libray\/thumb\/zangozaldea-3.jpg?bwg=1584123684\"                   alt=\"Monasterio de Leyre \/ Leireko monastegia\" \/>            <\/div>            <div class=\"\">              <div class=\"bwg-title1\"><div class=\"bwg-title2\">Monasterio de Leyre \/ Leireko monastegia<\/div><\/div>                                        <\/div>          <\/div>        <\/div>                        <\/a>              <\/div>            <div class=\"bwg-item\">        <a class=\"bwg-a bwg_lightbox\"  data-image-id=\"53\" href=\"https:\/\/ornat-etxea.com\/wp-content\/uploads\/photo-gallery\/imported_from_media_libray\/zangozaldea-4.jpg?bwg=1584123684\" data-elementor-open-lightbox=\"no\" >                <div class=\"bwg-item0 \">          <div class=\"bwg-item1 \">            <div class=\"bwg-item2\">              <img class=\"skip-lazy bwg_standart_thumb_img_0 \"                   data-id=\"53\"                   data-width=\"500\"                   data-height=\"375\"                   data-src=\"https:\/\/ornat-etxea.com\/wp-content\/uploads\/photo-gallery\/imported_from_media_libray\/thumb\/zangozaldea-4.jpg?bwg=1584123684\"                   src=\"https:\/\/ornat-etxea.com\/wp-content\/uploads\/photo-gallery\/imported_from_media_libray\/thumb\/zangozaldea-4.jpg?bwg=1584123684\"                   alt=\"Despoblado de Pe\u00f1a \/ Pe\u00f1a abandonatutako herria\" \/>            <\/div>            <div class=\"\">              <div class=\"bwg-title1\"><div class=\"bwg-title2\">Despoblado de Pe\u00f1a \/ Pe\u00f1a abandonatutako herria<\/div><\/div>                                        <\/div>          <\/div>        <\/div>                        <\/a>              <\/div>            <div class=\"bwg-item\">        <a class=\"bwg-a bwg_lightbox\"  data-image-id=\"54\" href=\"https:\/\/ornat-etxea.com\/wp-content\/uploads\/photo-gallery\/imported_from_media_libray\/zangozaldea-5.jpg?bwg=1584123684\" data-elementor-open-lightbox=\"no\" >                <div class=\"bwg-item0 \">          <div class=\"bwg-item1 \">            <div class=\"bwg-item2\">              <img class=\"skip-lazy bwg_standart_thumb_img_0 \"                   data-id=\"54\"                   data-width=\"500\"                   data-height=\"375\"                   data-src=\"https:\/\/ornat-etxea.com\/wp-content\/uploads\/photo-gallery\/imported_from_media_libray\/thumb\/zangozaldea-5.jpg?bwg=1584123684\"                   src=\"https:\/\/ornat-etxea.com\/wp-content\/uploads\/photo-gallery\/imported_from_media_libray\/thumb\/zangozaldea-5.jpg?bwg=1584123684\"                   alt=\"Sos del rey cat\u00f3lico\" \/>            <\/div>            <div class=\"\">              <div class=\"bwg-title1\"><div class=\"bwg-title2\">Sos del rey cat\u00f3lico<\/div><\/div>                                        <\/div>          <\/div>        <\/div>                        <\/a>              <\/div>          <\/div>    <style>      \/*pagination styles*\/      #bwg_container1_0 #bwg_container2_0 .tablenav-pages_0 {\t\t\t\ttext-align: center;\t\t\t\tfont-size: 12px;\t\t\t\tfont-family: segoe ui;\t\t\t\tfont-weight: bold;\t\t\t\tcolor: #666666;\t\t\t\tmargin: 6px 0 4px;\t\t\t\tdisplay: block;      }      @media only screen and (max-width : 320px) {      #bwg_container1_0 #bwg_container2_0 .displaying-num_0 {     \t display: none;      }      }      #bwg_container1_0 #bwg_container2_0 .displaying-num_0 {\t\t\t\tfont-size: 12px;\t\t\t\tfont-family: segoe ui;\t\t\t\tfont-weight: bold;\t\t\t\tcolor: #666666;\t\t\t\tmargin-right: 10px;\t\t\t\tvertical-align: middle;      }      #bwg_container1_0 #bwg_container2_0 .paging-input_0 {\t\t\t\tfont-size: 12px;\t\t\t\tfont-family: segoe ui;\t\t\t\tfont-weight: bold;\t\t\t\tcolor: #666666;\t\t\t\tvertical-align: middle;      }      #bwg_container1_0 #bwg_container2_0 .tablenav-pages_0 a.disabled,      #bwg_container1_0 #bwg_container2_0 .tablenav-pages_0 a.disabled:hover,      #bwg_container1_0 #bwg_container2_0 .tablenav-pages_0 a.disabled:focus,\t\t\t#bwg_container1_0 #bwg_container2_0 .tablenav-pages_0 input.bwg_current_page {\t\t\t\tcursor: default;\t\t\t\tcolor: rgba(102, 102, 102, 0.5);      }      #bwg_container1_0 #bwg_container2_0 .tablenav-pages_0 a,      #bwg_container1_0 #bwg_container2_0 .tablenav-pages_0 input.bwg_current_page {\t\t\t\tcursor: pointer;\t\t\t\ttext-align: center;\t\t\t\tfont-size: 12px;\t\t\t\tfont-family: segoe ui;\t\t\t\tfont-weight: bold;\t\t\t\tcolor: #666666;\t\t\t\ttext-decoration: none;\t\t\t\tpadding: 3px 6px;\t\t\t\tmargin: 0;\t\t\t\tborder-radius: 0;\t\t\t\tborder-style: solid;\t\t\t\tborder-width: 1px;\t\t\t\tborder-color: #E3E3E3;\t\t\t\tbackground-color: #FFFFFF;\t\t\t\topacity: 1.00;\t\t\t\tbox-shadow: 0;\t\t\t\ttransition: all 0.3s ease 0s;-webkit-transition: all 0.3s ease 0s;      }      <\/style>      <span class=\"bwg_nav_cont_0\">              <div class=\"tablenav-pages_0\">                  <\/div>                <input type=\"hidden\" id=\"page_number_0\" name=\"page_number_0\" value=\"1\" \/>      <script type=\"text\/javascript\">        function spider_page_0(cur, x, y, load_more) {          if (typeof load_more == \"undefined\") {            var load_more = false;          }          if (jQuery(cur).hasClass('disabled')) {            return false;          }          var items_county_0 = 1;          switch (y) {            case 1:              if (x >= items_county_0) {                document.getElementById('page_number_0').value = items_county_0;              }              else {                document.getElementById('page_number_0').value = x + 1;              }              break;            case 2:              document.getElementById('page_number_0').value = items_county_0;              break;            case -1:              if (x == 1) {                document.getElementById('page_number_0').value = 1;              }              else {                document.getElementById('page_number_0').value = x - 1;              }              break;            case -2:              document.getElementById('page_number_0').value = 1;              break;\t\t\t\t\t\tcase 0:              document.getElementById('page_number_0').value = x;              break;            default:              document.getElementById('page_number_0').value = 1;          }          bwg_ajax('gal_front_form_0', '0', 'bwg_thumbnails_0', '0', '', 'gallery', 0, '', '', load_more, '', 1);        }                    jQuery('.first-page-0').on('click', function () {              spider_page_0(this, 1, -2, 'numeric');              return false;            });            jQuery('.prev-page-0').on('click', function () {              spider_page_0(this, 1, -1, 'numeric');              return false;            });            jQuery('.next-page-0').on('click', function () {              spider_page_0(this, 1, 1, 'numeric');              return false;            });            jQuery('.last-page-0').on('click', function () {              spider_page_0(this, 1, 2, 'numeric');              return false;            });        \t\t\t\t\/* Change page on input enter. *\/        function bwg_change_page_0( e, that ) {          if (  e.key == 'Enter' ) {            var to_page = parseInt(jQuery(that).val());            var pages_count = jQuery(that).parents(\".pagination-links\").data(\"pages-count\");            var current_url_param = jQuery(that).attr('data-url-info');            if (to_page > pages_count) {              to_page = 1;            }\t \t\t\t\t\t\t\t\t\t\t\t\tspider_page_0(this, to_page, 0, 'numeric');\t\t\t\t\t\t\treturn false;\t\t\t\t\t\t          }          return true;        }        jQuery('.bwg_load_btn_0').on('click', function () {            spider_page_0(this, 1, 1, true);            return false;        });      <\/script>      <\/span>                <\/div>        <\/form>          <style>          #bwg_container1_0 #bwg_container2_0 #spider_popup_overlay_0 {          background-color: #EEEEEE;          opacity: 0.60;          }          <\/style>        <div id=\"bwg_spider_popup_loading_0\" class=\"bwg_spider_popup_loading\"><\/div>        <div id=\"spider_popup_overlay_0\" class=\"spider_popup_overlay\" onclick=\"spider_destroypopup(1000)\"><\/div>        <input type=\"hidden\" id=\"bwg_random_seed_0\" value=\"1377981161\">                <\/div>    <\/div>    <script>      if (document.readyState === 'complete') {        if( typeof bwg_main_ready == 'function' ) {          if ( jQuery(\"#bwg_container1_0\").height() ) {            bwg_main_ready(jQuery(\"#bwg_container1_0\"));          }        }      } else {        document.addEventListener('DOMContentLoaded', function() {          if( typeof bwg_main_ready == 'function' ) {            if ( jQuery(\"#bwg_container1_0\").height() ) {             bwg_main_ready(jQuery(\"#bwg_container1_0\"));            }          }        });      }    <\/script>    \n","protected":false},"excerpt":{"rendered":"<p>Sang\u00fcesa \/ Castillo de Javier \/ Monasterio de Leyre \/ Sos del Rey Cat\u00f3lico Sang\u00fcesa, como capital de la comarca, lleg\u00f3 a ser en su d\u00eda usado como residencia por los reyes de Navarra. Cercana a la muga con Arag\u00f3n, fue una plaza fuerte desde la que el Reino de Navarra defend\u00eda su territorio. Se <a href=\"https:\/\/ornat-etxea.com\/index.php\/monumentos\/\" rel=\"nofollow\"><span class=\"sr-only\">Read more about Monumentos<\/span>[&hellip;]<\/a><\/p>\n","protected":false},"author":1,"featured_media":0,"parent":0,"menu_order":0,"comment_status":"closed","ping_status":"closed","template":"","meta":{"ngg_post_thumbnail":0},"_links":{"self":[{"href":"https:\/\/ornat-etxea.com\/index.php\/wp-json\/wp\/v2\/pages\/381"}],"collection":[{"href":"https:\/\/ornat-etxea.com\/index.php\/wp-json\/wp\/v2\/pages"}],"about":[{"href":"https:\/\/ornat-etxea.com\/index.php\/wp-json\/wp\/v2\/types\/page"}],"author":[{"embeddable":true,"href":"https:\/\/ornat-etxea.com\/index.php\/wp-json\/wp\/v2\/users\/1"}],"replies":[{"embeddable":true,"href":"https:\/\/ornat-etxea.com\/index.php\/wp-json\/wp\/v2\/comments?post=381"}],"version-history":[{"count":9,"href":"https:\/\/ornat-etxea.com\/index.php\/wp-json\/wp\/v2\/pages\/381\/revisions"}],"predecessor-version":[{"id":807,"href":"https:\/\/ornat-etxea.com\/index.php\/wp-json\/wp\/v2\/pages\/381\/revisions\/807"}],"wp:attachment":[{"href":"https:\/\/ornat-etxea.com\/index.php\/wp-json\/wp\/v2\/media?parent=381"}],"curies":[{"name":"wp","href":"https:\/\/api.w.org\/{rel}","templated":true}]}}